prime factors of 4/(-6)*(-30)/x.
5
Let n(p) = -6*p - 2 + 7 - 5. List the prime factors of n(-2).
2, 3
Let f = 153 - 104. List the prime factors of f.
7
Let g be 6*3/(-12)*-24. Let p = -15 + g. What are the prime factors of p?
3, 7
Let q = 10 + -16. Let z be (4/q)/(2/36). List the prime factors of (-16)/z*3/2.
2
Suppose 184 = 2*w + 4*p, -p - 84 = -w + 2. What are the prime factors of w?
2, 11
Suppose p + 4*a = -8, 5*p + 0*a + 2*a = -4. Suppose -f + p*f - 33 = -3*n, -3*f = 9. List the prime factors of n.
2, 5
Suppose -t + 30 = -6*t. List the prime factors of 15/6*t/(-5).
3
Suppose 2*i + 30 - 88 = -3*r, -5*i = 5. Suppose 5*h + 4 = 4*u + 24, -5*h + r = 5*u. What are the prime factors of h?
2
Let a(b) = -b**3 + 6*b**2 + 10*b - 8. Let c = 10 + -3. What are the prime factors of a(c)?
13
Suppose 4*t + 4 = 12. What are the prime factors of 2 + (-24)/(-3) - t?
2
Let k = 40 + 0. List the prime factors of k.
2, 5
Let f(q) = q**3 - 7*q**2 - 4*q - 9. What are the prime factors of f(8)?
23
Let z = -1 + 1. Let o(i) = 0 + 8*i + z*i**3 - 5 - i**3 + 5*i**2. List the prime factors of o(6).
7
Suppose 2*s - 4*o = -6, 5*s + 2*o + 3 = 48. Let h = s - 0. Let c = h + -4. List the prime factors of c.
3
Suppose -4*i + 0*c + 13 = -3*c, -4*c = -3*i + 15. List the prime factors of 34 + -3 + i - -1.
3, 11
Let u(j) = j**2 - 3*j. Let x be u(3). Let z = x - -5. List the prime factors of z.
5
Let k = 169 + 187. What are the prime factors of k?
2, 89
Suppose 207*t - 10 = 202*t. What are the prime factors of t?
2
Suppose 6*w = 7*w - 32. Suppose k - 4 = -2*t + w, 88 = 5*t + 2*k. What are the prime factors of t?
2
What are the prime factors of (-2)/(-8) - (-1)/((-8)/(-526))?
2, 3, 11
Suppose -2*a - j + 12 = a, 2*a = j + 8. Let f be (a/(-10))/(2/(-10)). What are the prime factors of f/((-4)/(-2)) + 1?
2
What are the prime factors of 156/546 - (-6)/(-14)*-886?
2, 5, 19
Suppose 11*l - 527 = 991. What are the prime factors of l?
2, 3, 23
Suppose -4*k = -2*x - 20, 0*x - 4*x - 5*k - 14 = 0. Let m be -8*(1 + 9/x). What are the prime factors of 14/m + 2/4?
2
Let o be 3*1 + (34 - 2). Suppose -h + o = 4*h. What are the prime factors of h?
7
Let z(x) = -x**2 + 3*x + 4. Let a = 2 + 0. Suppose -1 = -q + a. List the prime factors of z(q).
2
Let x = 469 - 271. What are the prime factors of x?
2, 3, 11
Suppose -5*n + n = -3*h + 71, n - 26 = -h. What are the prime factors of h?
5
Let p(m) = -m**3 + 3*m + 2. Let l be p(-2). Let j = 5 - 2. Suppose 0 = j*i + 4*c + 2 - 27, l*c + 3 = i. List the prime factors of i.
7
Let b be (34*(-4 - -3))/(-2). Suppose b*c - 19*c = -20. What are the prime factors of c?
2, 5
Let d = 91 + 121. List the prime factors of d.
2, 53
Let f(z) = z + 17. List the prime factors of f(-14).
3
Let d(z) = 16*z**2 + 85*z - 25. Let n(g) = 3*g**2 + 17*g - 5. Let b(o) = 2*d(o) - 11*n(o). What are the prime factors of b(-14)?
47
Let h(f) = 2*f**3 + f**2 - f - 1. Let i be h(-1). What are the prime factors of (i + -38)/(-3) + 2?
3, 5
Let f(g) = -g**3 + 10*g**2 - 7. Let o be f(7). What are the prime factors of 2/(-6) - o/(-15)?
3
Let y be (-23)/4 - (-4)/(-16). Let d(b) = 0 - b + 1 - b**2 - 6*b. What are the prime factors of d(y)?
7
Let n = 12 + -8. Suppose -3*u + 1 = 5*r, -3*r + n*u - 6*u = 0. Let t = 11 + r. List the prime factors of t.
13
Let b(f) = 8*f**2 - 5*f + 4. List the prime factors of b(2).
2, 13
Suppose -2*y + 0*y - 4*w - 14 = 0, 2*w + 5 = y. What are the prime factors of 24/((-1 - 0)*y)?
2, 3
What are the prime factors of (-1)/2 + -98*(-2)/8?
2, 3
Let q = -4 + 6. Let z be (-1 - -1)/q - 11. Let w = z + 17. What are the prime factors of w?
2, 3
Suppose 2*v - 6 = -5*d + 1, 0 = -d - 3*v - 9. Suppose -9 = -d*j - 2*s + 35, 2*s = 8. List the prime factors of j.
2, 3
Suppose 526 = 2*z + 2*x, 1315 = 5*z - 2*x - 2*x. What are the prime factors of (-3)/(-7) - z/(-7)?
2, 19
Let t be (2 + -1)*-1*1. What are the prime factors of 16 + 3 + (-2 - t)?
2, 3
Let d(m) = m - 9. Let i be d(-7). Let o = 10 + i. List the prime factors of (-75)/o - (-2)/(-4).
2, 3
Let c = 13 + -12. Let p = 24 - c. What are the prime factors of p?
23
Let q = -4 - -9. Let t = 7 - q. List the prime factors of t.
2
Suppose -5*t - 35 = -90. What are the prime factors of 4/(-1) - (-88)/t?
2
Let d(a) = 11*a**2 - 3*a - 3. List the prime factors of d(-2).
47
Suppose 6 = 4*v - v. Suppose -m - v*k = 2*k + 8, 5*m - 4 = 2*k. Suppose m = 3*s + t - 17, -5*s - 2*t = -2*s - 13. List the prime factors of s.
7
Let j(v) = 2*v**2 + 3*v - 3. Suppose -7*p = -2*p + 15. What are the prime factors of j(p)?
2, 3
Suppose 3*d - 96 = -2*a + d, 0 = -3*a - 5*d + 148. What are the prime factors of a?
2, 23
Suppose -119 = -6*v + 265. List the prime factors of v.
2
Let s = 10 + -3. Let i = s - 4. Suppose -i*z = -5*z + 34. What are the prime factors of z?
17
Let o = 24 + -6. Let k = -20 - -30. Suppose 3*v = -2*c + k, 7 = 5*c + 2*v - o. List the prime factors of c.
5
Suppose -q = m + 2 + 2, 9 = 4*q - m. What are the prime factors of -3*(34/(-6) + q)?
2, 7
Suppose -h + 199 + 42 = 0. List the prime factors of h.
241
Suppose -1 = u - 3. Suppose -u*p + 3*f - 12 = 0, -3*p - 4*f + 9*f - 19 = 0. List the prime factors of (-1 + (-1 - p))*8.
2
Suppose 0 = 3*x - 3*r - 222, x - 71 = 2*r - 0*r. What are the prime factors of x?
7, 11
Suppose -2*j + 5 = -137. List the prime factors of j.
71
Suppose 0*y - y = 0. Let h(z) = z**2 + z + 1. Let p be h(y). List the prime factors of -34*(p + 9/(-6)).
17
Suppose -2*r + 19 + 17 = 0. List the prime factors of r.
2, 3
Suppose 2*p + 9 = 3*p. Suppose -g - 75 = -6*g. Let k = g - p. List the prime factors of k.
2, 3
Let t be (-19)/(-4) + 1/4. Let x(l) = -l**3 - 14*l**2 - 14*l - 1. Let y be x(-13). Suppose -t*f = -f - y. List the prime factors of f.
3
Suppose -3*a + 15 = -4*k - 0*k, 0 = -a + 4*k + 13. Let l = a - -9. What are the prime factors of l?
2, 5
Suppose -2*y + 211 = -63. What are the prime factors of y?
137
Suppose 247 - 16 = 7*b. List the prime factors of b.
3, 11
Let m(q) be the third derivative of -1/120*q**6 - 2/3*q**3 + 0 + 1/10*q**5 - 2*q**2 + 0*q + 1/12*q**4. List the prime factors of m(6).
2
Let q(j) = 24*j + 11. What are the prime factors of q(7)?
179
Let h(v) = 11*v - 7. Let o be h(6). List the prime factors of 4/20 + o/5.
2, 3
Suppose 0 = 17*v - 2*v - 4770. What are the prime factors of v?
2, 3, 53
Suppose -s + 2*s - 3 = 0. Suppose 0 = -s*q + 8*q - 5*a - 50, -2*a - 30 = -4*q. What are the prime factors of q?
5
Let h be (-1 - -1)/(-2) + -13. Let f be (1 - (3 + -28)) + -2. Let i = h + f. List the prime factors of i.
11
Suppose 0*c = 5*c - 60. What are the prime factors of c?
2, 3
Let y = -2 - 6. Let u = 4 + y. Let d = 13 + u. List the prime factors of d.
3
Let o = 346 + -180. What are the prime factors of o?
2, 83
Suppose -200 = -4*g - 0*g. Suppose -5*z + 2*q = g, 3*q + 46 = -5*z - 4. Let w = 16 + z. What are the prime factors of w?
2, 3
List the prime factors of -1*(-2 + (-38 - -2)).
2, 19
Let t = -7 + 8. What are the prime factors of (4 - t)/(4 - 3)?
3
Let a(g) = 2 + g**2 + 0 - 3 - 32*g**3 - 11*g**3. List the prime factors of a(-1).
43
Let p be (-188)/(-12) - (-2)/6. Suppose -o - p = o. Let i = o - -24. What are the prime factors of i?
2
Suppose b - 2 = -d, 5*b + 4*d = 2*b + 1. What are the prime factors of b/((-98)/12)*-7?
2, 3
Suppose -2*i + 2 = -4*z, 5 + 28 = 4*z + 5*i. Suppose z*y = -1 + 5. What are the prime factors of y?
2
Let i(x) = 28*x**3 - x + 1. Let b be i(1). Let g be (-36)/3*(-4)/6. Suppose 0 = 2*s + g - b. What are the prime factors of s?
2, 5
Let w(c) be the first derivative of -c**4/4 + 7*c**3/3 + 3*c - 2. Let g be w(7). Suppose -z - 7 = -2*a - 28, g*z - 38 = a. What are the prime factors of z?
11
Let v = 14 + -14. Suppose v = -2*w + 2*m + 30, 4*w + w - m = 91. What are the prime factors of w?
19
Let n(h) = -h + 6. Let z be n(3). List the prime factors of z/2*20/3.
2, 5
Let i(c) = -c**3 - 7*c**2 - 2*c - 9. Let p be i(-7). Suppose -3*r + 5*m = -40, 0 = -3*r + m - 3*m + p. Suppose 32 = r*o - 3. List the prime factors of o.
7
Suppose -3*k = -7*k - 4. Let y(t) = t**3 - t**2 + t + 1. Let i be y(k). Let v(f) = 2*f**2 - 1. List the prime factors of v(i).
7
Suppose 4 = -4*l + 6*l. Suppose -3*p - 7*i = -3*i + 3, 9 = l*p - i. List the prime factors of (-6)/(2*p/(-12)).
2, 3
What are the prime factors of (88